{"id":10,"date":"2020-04-10T22:47:34","date_gmt":"2020-04-10T19:47:34","guid":{"rendered":"https:\/\/dangalaklar.com\/blog\/?page_id=10"},"modified":"2022-09-17T16:33:48","modified_gmt":"2022-09-17T13:33:48","slug":"hakkimizda","status":"publish","type":"page","link":"https:\/\/dangalaklar.com\/blog\/hakkimizda\/","title":{"rendered":"Hakk\u0131m\u0131zda"},"content":{"rendered":"\n<p>D\u00fcnyada ve \u00fclkemizde her g\u00fcn bir \u00e7ok &#8220;dangalak&#8221; insanlarla ve dangalak insanlar\u0131n sebebiyet verdi\u011fi olaylarla  kar\u015f\u0131la\u015f\u0131yoruz.<\/p>\n\n\n\n<p>Genellikle bu olaylar ve insanlar hakk\u0131nda fazla konu\u015fup tart\u0131\u015fm\u0131yor veya konu\u015fup, tart\u0131\u015f\u0131p h\u0131zl\u0131 \u015fekilde unutuyoruz. <\/p>\n\n\n\n<p>Bunlar\u0131 \u015fahsen unutmayay\u0131m diye tek sayfada toplayay\u0131m dedim, iyi okumalar, iyi \u015fikayetler dilerim.<\/p>\n\n\n\n<p>&#8220;Dangalak&#8221; T\u00fcrk Dil Kurumu S\u00f6zl\u00fc\u011f\u00fcne g\u00f6re &#8220;Ak\u0131ls\u0131z, d\u00fc\u015f\u00fcncesiz kimse&#8221; anlam\u0131na geliyor. (17\/09\/2022, 16:23) &#8212; Bu sitedeki &#8220;dangalak&#8221; kelimesinin kullan\u0131m\u0131 ise &#8220;d\u00fc\u015f\u00fcncesiz kimse&#8221; anlam\u0131na gelmekte olup, ki\u015filere ve\/veya kurulu\u015flara herhangi hakaret amac\u0131 ta\u015f\u0131mamaktad\u0131r.<br><br>Kaynak: <a href=\"https:\/\/sozluk.gov.tr\/\" target=\"_blank\" rel=\"noreferrer noopener\">https:\/\/sozluk.gov.tr\/<\/a><\/p>\n\n\n\n<figure class=\"wp-block-image size-full is-resized\"><img loading=\"lazy\" decoding=\"async\" src=\"https:\/\/dangalaklar.com\/blog\/wp-content\/uploads\/2022\/09\/image.png\" alt=\"S\u00f6zl\u00fck Sayfas\u0131\" class=\"wp-image-88\" width=\"2698\" height=\"1422\" srcset=\"https:\/\/dangalaklar.com\/blog\/wp-content\/uploads\/2022\/09\/image.png 2698w, https:\/\/dangalaklar.com\/blog\/wp-content\/uploads\/2022\/09\/image-300x158.png 300w, https:\/\/dangalaklar.com\/blog\/wp-content\/uploads\/2022\/09\/image-1024x540.png 1024w, https:\/\/dangalaklar.com\/blog\/wp-content\/uploads\/2022\/09\/image-768x405.png 768w, https:\/\/dangalaklar.com\/blog\/wp-content\/uploads\/2022\/09\/image-1536x810.png 1536w, https:\/\/dangalaklar.com\/blog\/wp-content\/uploads\/2022\/09\/image-2048x1079.png 2048w, https:\/\/dangalaklar.com\/blog\/wp-content\/uploads\/2022\/09\/image-1200x632.png 1200w, https:\/\/dangalaklar.com\/blog\/wp-content\/uploads\/2022\/09\/image-1980x1044.png 1980w\" sizes=\"auto, (max-width: 2698px) 100vw, 2698px\" \/><\/figure>\n\n\n\n<p> <\/p>\n","protected":false},"excerpt":{"rendered":"<p>D\u00fcnyada ve \u00fclkemizde her g\u00fcn bir \u00e7ok &#8220;dangalak&#8221; insanlarla ve dangalak insanlar\u0131n sebebiyet verdi\u011fi olaylarla kar\u015f\u0131la\u015f\u0131yoruz. Genellikle bu olaylar ve insanlar hakk\u0131nda fazla konu\u015fup tart\u0131\u015fm\u0131yor veya konu\u015fup, tart\u0131\u015f\u0131p h\u0131zl\u0131 \u015fekilde unutuyoruz. Bunlar\u0131 \u015fahsen unutmayay\u0131m diye tek sayfada toplayay\u0131m dedim, iyi okumalar, iyi \u015fikayetler dilerim. &#8220;Dangalak&#8221; T\u00fcrk Dil Kurumu S\u00f6zl\u00fc\u011f\u00fcne g\u00f6re &#8220;Ak\u0131ls\u0131z, d\u00fc\u015f\u00fcncesiz kimse&#8221; anlam\u0131na geliyor. [&hellip;]<\/p>\n","protected":false},"author":1,"featured_media":0,"parent":0,"menu_order":0,"comment_status":"closed","ping_status":"closed","template":"","meta":{"footnotes":""},"class_list":["post-10","page","type-page","status-publish","hentry"],"_links":{"self":[{"href":"https:\/\/dangalaklar.com\/blog\/wp-json\/wp\/v2\/pages\/10","targetHints":{"allow":["GET"]}}],"collection":[{"href":"https:\/\/dangalaklar.com\/blog\/wp-json\/wp\/v2\/pages"}],"about":[{"href":"https:\/\/dangalaklar.com\/blog\/wp-json\/wp\/v2\/types\/page"}],"author":[{"embeddable":true,"href":"https:\/\/dangalaklar.com\/blog\/wp-json\/wp\/v2\/users\/1"}],"replies":[{"embeddable":true,"href":"https:\/\/dangalaklar.com\/blog\/wp-json\/wp\/v2\/comments?post=10"}],"version-history":[{"count":9,"href":"https:\/\/dangalaklar.com\/blog\/wp-json\/wp\/v2\/pages\/10\/revisions"}],"predecessor-version":[{"id":98,"href":"https:\/\/dangalaklar.com\/blog\/wp-json\/wp\/v2\/pages\/10\/revisions\/98"}],"wp:attachment":[{"href":"https:\/\/dangalaklar.com\/blog\/wp-json\/wp\/v2\/media?parent=10"}],"curies":[{"name":"wp","href":"https:\/\/api.w.org\/{rel}","templated":true}]}}