{"id":11,"date":"2020-04-10T22:47:34","date_gmt":"2020-04-10T19:47:34","guid":{"rendered":"https:\/\/dangalaklar.com\/blog\/?page_id=11"},"modified":"2022-09-17T16:26:39","modified_gmt":"2022-09-17T13:26:39","slug":"bize-ulasin","status":"publish","type":"page","link":"https:\/\/dangalaklar.com\/blog\/bize-ulasin\/","title":{"rendered":"\u0130leti\u015fim"},"content":{"rendered":"\n<p>Yaz\u0131lar\u0131n alt\u0131na yorum b\u0131rakarak veya E-posta yoluyla ula\u015fabilirsiniz.<\/p>\n\n\n\n<p>E-Mail: <\/p>\n\n\n\n<p><\/p>\n\n\n\n<p>admin[klavyedeki &#8220;a&#8221; harfine benzeyen &#8220;at&#8221; i\u015fareti]dangalaklar nokta com<\/p>\n","protected":false},"excerpt":{"rendered":"<p>Yaz\u0131lar\u0131n alt\u0131na yorum b\u0131rakarak veya E-posta yoluyla ula\u015fabilirsiniz. E-Mail: admin[klavyedeki &#8220;a&#8221; harfine benzeyen &#8220;at&#8221; i\u015fareti]dangalaklar nokta com<\/p>\n","protected":false},"author":1,"featured_media":0,"parent":0,"menu_order":0,"comment_status":"closed","ping_status":"closed","template":"","meta":{"footnotes":""},"class_list":["post-11","page","type-page","status-publish","hentry"],"_links":{"self":[{"href":"https:\/\/dangalaklar.com\/blog\/wp-json\/wp\/v2\/pages\/11","targetHints":{"allow":["GET"]}}],"collection":[{"href":"https:\/\/dangalaklar.com\/blog\/wp-json\/wp\/v2\/pages"}],"about":[{"href":"https:\/\/dangalaklar.com\/blog\/wp-json\/wp\/v2\/types\/page"}],"author":[{"embeddable":true,"href":"https:\/\/dangalaklar.com\/blog\/wp-json\/wp\/v2\/users\/1"}],"replies":[{"embeddable":true,"href":"https:\/\/dangalaklar.com\/blog\/wp-json\/wp\/v2\/comments?post=11"}],"version-history":[{"count":4,"href":"https:\/\/dangalaklar.com\/blog\/wp-json\/wp\/v2\/pages\/11\/revisions"}],"predecessor-version":[{"id":92,"href":"https:\/\/dangalaklar.com\/blog\/wp-json\/wp\/v2\/pages\/11\/revisions\/92"}],"wp:attachment":[{"href":"https:\/\/dangalaklar.com\/blog\/wp-json\/wp\/v2\/media?parent=11"}],"curies":[{"name":"wp","href":"https:\/\/api.w.org\/{rel}","templated":true}]}}